{"id":226,"date":"2021-06-21T11:45:19","date_gmt":"2021-06-21T11:45:19","guid":{"rendered":"https:\/\/pbzinvestment.pl\/?page_id=226"},"modified":"2021-06-21T12:44:08","modified_gmt":"2021-06-21T12:44:08","slug":"o-nas","status":"publish","type":"page","link":"https:\/\/pbzinvestment.pl\/index.php\/o-nas\/","title":{"rendered":"O nas"},"content":{"rendered":"\n<p><strong>PBZ Investment Sp. z o.o. <\/strong>jest firm\u0105 handlowo-us\u0142ugow\u0105 dzia\u0142aj\u0105c\u0105 w obszarze reklamy, transportu oraz obs\u0142ugi prawnej. &nbsp;<\/p>\n\n\n\n<p>Jednym z istotnych aspekt\u00f3w dzia\u0142alno\u015bci naszej sp\u00f3\u0142ki jest: <\/p>\n\n\n\n<ul class=\"wp-block-list\"><li>aktywne uczestnictwo w inwestycjach w r\u00f3\u017cne sektory gospodarki, kt\u00f3re ma na celu wsparcie rozwoju danego przedsi\u0119biorstwa; oraz <\/li><\/ul>\n\n\n\n<ul class=\"wp-block-list\"><li>consulting maj\u0105cy na celu optymalizacj\u0119 dzia\u0142alno\u015bci danej sp\u00f3\u0142ki, w tym koszt\u00f3w jej prowadzenia. <\/li><\/ul>\n\n\n\n<p>Nasze do\u015bwiadczenie obejmuje wiedz\u0119 teoretyczn\u0105 po\u0142\u0105czon\u0105 z wieloletni\u0105 praktyk\u0105 naszych specjalist\u00f3w, obecnie tworz\u0105cych mark\u0119 PBZ Investment Sp. z o.o.<\/p>\n","protected":false},"excerpt":{"rendered":"<p>PBZ Investment Sp. z o.o. jest firm\u0105 handlowo-us\u0142ugow\u0105 dzia\u0142aj\u0105c\u0105 w obszarze reklamy, transportu oraz obs\u0142ugi prawnej. &nbsp; Jednym z istotnych aspekt\u00f3w dzia\u0142alno\u015bci naszej sp\u00f3\u0142ki jest: aktywne uczestnictwo w inwestycjach w r\u00f3\u017cne sektory gospodarki, kt\u00f3re ma na celu wsparcie rozwoju danego przedsi\u0119biorstwa; oraz consulting maj\u0105cy na celu optymalizacj\u0119 dzia\u0142alno\u015bci danej sp\u00f3\u0142ki, w tym koszt\u00f3w jej prowadzenia. &hellip; <\/p>\n<p class=\"link-more\"><a href=\"https:\/\/pbzinvestment.pl\/index.php\/o-nas\/\" class=\"more-link\">Czytaj dalej<span class=\"screen-reader-text\"> \u201eO nas\u201d<\/span><\/a><\/p>\n","protected":false},"author":1,"featured_media":0,"parent":0,"menu_order":0,"comment_status":"closed","ping_status":"closed","template":"","meta":{"footnotes":""},"class_list":["post-226","page","type-page","status-publish","hentry"],"_links":{"self":[{"href":"https:\/\/pbzinvestment.pl\/index.php\/wp-json\/wp\/v2\/pages\/226","targetHints":{"allow":["GET"]}}],"collection":[{"href":"https:\/\/pbzinvestment.pl\/index.php\/wp-json\/wp\/v2\/pages"}],"about":[{"href":"https:\/\/pbzinvestment.pl\/index.php\/wp-json\/wp\/v2\/types\/page"}],"author":[{"embeddable":true,"href":"https:\/\/pbzinvestment.pl\/index.php\/wp-json\/wp\/v2\/users\/1"}],"replies":[{"embeddable":true,"href":"https:\/\/pbzinvestment.pl\/index.php\/wp-json\/wp\/v2\/comments?post=226"}],"version-history":[{"count":3,"href":"https:\/\/pbzinvestment.pl\/index.php\/wp-json\/wp\/v2\/pages\/226\/revisions"}],"predecessor-version":[{"id":265,"href":"https:\/\/pbzinvestment.pl\/index.php\/wp-json\/wp\/v2\/pages\/226\/revisions\/265"}],"wp:attachment":[{"href":"https:\/\/pbzinvestment.pl\/index.php\/wp-json\/wp\/v2\/media?parent=226"}],"curies":[{"name":"wp","href":"https:\/\/api.w.org\/{rel}","templated":true}]}}